ime factors of 38146004?
2, 13, 73, 773
What are the prime factors of 91895906?
2, 45947953
What are the prime factors of 354292785?
3, 5, 7, 11, 541
What are the prime factors of 25744588?
2, 6436147
List the prime factors of 1231265382.
2, 3, 239, 858623
List the prime factors of 56810613.
3, 281, 67391
List the prime factors of 8497935.
3, 5, 188843
What are the prime factors of 1859752381?
7057, 263533
What are the prime factors of 170111267?
2803, 60689
List the prime factors of 1266556670.
2, 5, 1399, 90533
What are the prime factors of 577808036?
2, 13, 17, 47, 13907
What are the prime factors of 468603371?
468603371
What are the prime factors of 107704694?
2, 53852347
List the prime factors of 11160166.
2, 5580083
List the prime factors of 1574528862.
2, 3, 262421477
What are the prime factors of 71587297?
71587297
What are the prime factors of 2044574823?
3, 37, 103, 178831
What are the prime factors of 1487707494?
2, 3, 7, 13, 2724739
What are the prime factors of 66513907?
23, 29, 99721
What are the prime factors of 966911702?
2, 483455851
What are the prime factors of 5321735646?
2, 3, 47, 18871403
What are the prime factors of 1908385618?
2, 719, 1327111
What are the prime factors of 832024903?
31, 59, 454907
What are the prime factors of 85370488?
2, 7, 1524473
List the prime factors of 9244781.
7, 13, 23, 631
List the prime factors of 278829321.
3, 227, 409441
What are the prime factors of 74010515?
5, 97, 152599
List the prime factors of 51741748.
2, 12935437
What are the prime factors of 528793255?
5, 105758651
What are the prime factors of 672218864?
2, 149, 281971
List the prime factors of 5124613622.
2, 59, 239, 181711
What are the prime factors of 65251790?
2, 5, 6525179
What are the prime factors of 21048623?
113, 186271
What are the prime factors of 4189232452?
2, 347, 479, 6301
List the prime factors of 439352606.
2, 7, 11, 2852939
What are the prime factors of 15622065?
3, 5, 17, 2269
What are the prime factors of 83528694?
2, 3, 31, 107, 1399
What are the prime factors of 592712327?
17, 34865431
What are the prime factors of 1355513921?
17, 79736113
List the prime factors of 6897338938.
2, 7, 251, 1962817
What are the prime factors of 4297683577?
11, 67, 5831321
What are the prime factors of 586629985?
5, 61, 1923377
What are the prime factors of 3053937574?
2, 1526968787
List the prime factors of 186285792.
2, 3, 7, 11, 29, 79
List the prime factors of 3067669749.
3, 1022556583
What are the prime factors of 926980447?
29, 59, 541777
What are the prime factors of 877780632?
2, 3, 449, 81457
What are the prime factors of 187181129?
1019, 183691
List the prime factors of 71800873.
71800873
List the prime factors of 4922434575.
3, 5, 17, 491, 2621
List the prime factors of 48759879.
3, 7, 2321899
What are the prime factors of 103487070?
2, 3, 5, 163, 21163
List the prime factors of 54920729.
2777, 19777
What are the prime factors of 402786277?
139, 421, 6883
What are the prime factors of 281618277?
3, 17, 5521927
What are the prime factors of 304585907?
59, 5162473
List the prime factors of 3230208235.
5, 103, 191, 32839
What are the prime factors of 3025398366?
2, 3, 47, 3576121
List the prime factors of 1196147678.
2, 11, 239, 20681
List the prime factors of 180392609.
67, 2692427
List the prime factors of 98230573.
7, 17, 825467
What are the prime factors of 7158152343?
3, 181, 1663, 7927
What are the prime factors of 1507266947?
53, 28438999
What are the prime factors of 1516551808?
2, 521, 22741
List the prime factors of 383802302.
2, 13, 17, 868331
List the prime factors of 3935035500.
2, 3, 5, 11, 23, 10369
What are the prime factors of 32956582?
2, 821, 20071
List the prime factors of 661193835.
3, 5, 17, 263, 9859
What are the prime factors of 351267009?
3, 117089003
List the prime factors of 52541416.
2, 1283, 5119
What are the prime factors of 56192185?
5, 7, 43, 37337
What are the prime factors of 21895009?
37, 591757
List the prime factors of 2102056081.
2999, 700919
List the prime factors of 7790190.
2, 3, 5, 19, 79, 173
List the prime factors of 454139356.
2, 11, 10321349
What are the prime factors of 1191446834?
2, 131, 4547507
List the prime factors of 1638223119.
3, 13, 14001907
What are the prime factors of 1689548626?
2, 647, 1305679
List the prime factors of 126205433.
17, 31, 14087
List the prime factors of 2204625655.
5, 440925131
List the prime factors of 1328058210.
2, 3, 5, 419, 105653
What are the prime factors of 99303942?
2, 3, 43, 151, 2549
List the prime factors of 5768509386.
2, 3, 157, 6123683
What are the prime factors of 346325576?
2, 43290697
What are the prime factors of 302073000?
2, 3, 5, 17, 5923
What are the prime factors of 191362415?
5, 23, 1664021
What are the prime factors of 4463580366?
2, 3, 7, 35425241
What are the prime factors of 38849505?
3, 5, 17, 73, 2087
What are the prime factors of 187905424?
2, 7, 1677727
List the prime factors of 6321908187.
3, 7, 5641, 17789
What are the prime factors of 806595046?
2, 15277, 26399
What are the prime factors of 301810866?
2, 3, 7, 7185973
What are the prime factors of 56069307?
3, 7, 296663
List the prime factors of 83389630.
2, 5, 8338963
What are the prime factors of 5328211?
7, 108739
What are the prime factors of 91557333?
3, 7, 19, 223
List the prime factors of 383395958.
2, 11, 53, 328813
List the prime factors of 8772960.
2, 3, 5, 7, 373
List the prime factors of 27889961.
11, 23, 110237
List the prime factors of 596573075.
5, 7, 3408989
What are the prime factors of 51959146?
2, 1823, 14251
List the prime factors of 1285950909.
3, 428650303
What are the prime factors of 159701240?
2, 5, 3992531
What are the prime factors of 957204153?
3, 3359, 31663
What are the prime factors of 1094810921?
421, 461, 5641
What are the prime factors of 486992390?
2, 5, 48699239
List the prime factors of 383385460.
2, 5, 19169273
List the prime factors of 119820920.
2, 5, 673, 4451
List the prime factors of 193600985.
5, 107, 361871
List the prime factors of 2810095866.
2, 3, 156116437
List the prime factors of 92805492.
2, 3, 13, 367, 1621
List the prime factors of 2559338011.
2559338011
List the prime factors of 3316076330.
2, 5, 7, 6277, 7547
What are the prime factors of 164795700?
2, 3, 5, 549319
What are the prime factors of 16715165?
5, 17, 29, 6781
List the prime factors of 617848042.
2, 7, 19, 31, 2417
List the prime factors of 149367311.
229, 379, 1721
What are the prime factors of 26898504?
2, 3, 1120771
What are the prime factors of 1225177543?
43, 28492501
What are the prime factors of 98391075?
3, 5, 757, 1733
What are the prime factors of 305547037?
19, 16081423
List the prime factors of 338211981.
3, 2029, 18521
What are the prime factors of 6738081644?
2, 7, 19, 821, 15427
What are the prime factors of 1878805196?
2, 19, 1951, 12671
What are the prime factors of 197557457?
1723, 114659
What are the prime factors of 41013606?
2, 3, 6835601
What are the prime factors of 1195758482?
2, 1217, 491273
What are the prime factors of 390729086?
2, 11, 1614583
What are the prime factors of 515295329?
515295329
List the prime factors of 49571653.
49571653
What are the prime factors of 905364872?
2, 113170609
List the prime factors of 1812546637.
11, 164776967
List the prime factors of 1181592755.
5, 7, 33759793
What are the prime factors of 106502550?
2, 3, 5, 7, 11, 9221
What are the prime factors of 63419947?
23, 229, 12041
List the prime factors of 689360670.
2, 3, 5, 7659563
List the prime factors of 2934425046.
2, 3, 7, 17, 4109839
What are the prime factors of 111036967?
97, 739, 1549
List the prime factors of 86685668.
2, 21671417
What are the prime factors of 272408620?
2, 5, 11, 181, 6841
List the prime factors of 214675147.
37, 1201, 4831
What are the prime factors of 284204370?
2, 3, 5, 9473479
What are the prime factors of 1076984988?
2, 3, 367, 244547
List the prime factors of 13342188.
2, 3, 383, 2903
List the prime factors of 27287393.
7, 1831, 2129
What are the prime factors of 726136961?
11, 66012451
List the prime factors of 518144241.
3, 17, 101, 100591
List the prime factors of 82591756.
2, 13, 1588303
What are the prime factors of 444318091?
7, 1069, 59377
List the prime factors of 77071076.
2, 193, 99833
What